 the remainder when 22124270 is divided by 9833.
20
What is the remainder when 826482479 is divided by 80?
79
What is the remainder when 5877002 is divided by 286?
274
What is the remainder when 380191064 is divided by 10119?
10115
Calculate the remainder when 21640 is divided by 1043.
780
Calculate the remainder when 1306272 is divided by 435422.
6
Calculate the remainder when 19424 is divided by 480.
224
Calculate the remainder when 12151997 is divided by 6075998.
1
What is the remainder when 21476286 is divided by 32?
30
Calculate the remainder when 2394266 is divided by 3184.
3082
Calculate the remainder when 608112 is divided by 7794.
180
What is the remainder when 72874702 is divided by 54?
28
What is the remainder when 1029154 is divided by 1851?
1849
Calculate the remainder when 2433810 is divided by 1765.
1640
Calculate the remainder when 148368 is divided by 1004.
780
What is the remainder when 1371 is divided by 309?
135
What is the remainder when 61681627 is divided by 301?
105
What is the remainder when 5289594 is divided by 8615?
8599
What is the remainder when 1207585 is divided by 8048?
385
What is the remainder when 259553 is divided by 4088?
2009
What is the remainder when 16119213 is divided by 203?
201
Calculate the remainder when 6059844 is divided by 519.
0
What is the remainder when 635167903 is divided by 2278?
2275
What is the remainder when 6040 is divided by 4010?
2030
Calculate the remainder when 11933854 is divided by 17.
7
What is the remainder when 10872225 is divided by 197?
189
Calculate the remainder when 168353 is divided by 641.
411
Calculate the remainder when 38944 is divided by 1966.
1590
What is the remainder when 15126102 is divided by 5105?
5092
Calculate the remainder when 459519 is divided by 459283.
236
What is the remainder when 11600378 is divided by 113729?
20
Calculate the remainder when 18122351 is divided by 24.
23
What is the remainder when 3146061 is divided by 15571?
719
Calculate the remainder when 1025365 is divided by 273.
250
Calculate the remainder when 123550516 is divided by 750.
16
Calculate the remainder when 587464392 is divided by 15.
12
Calculate the remainder when 57416 is divided by 1103.
60
What is the remainder when 1428795 is divided by 2646?
2601
What is the remainder when 1583194 is divided by 83326?
0
What is the remainder when 3916234 is divided by 1957999?
236
What is the remainder when 5274047 is divided by 2620?
2607
What is the remainder when 1006744593 is divided by 3531?
3528
Calculate the remainder when 49438909 is divided by 4379.
4378
Calculate the remainder when 553280 is divided by 552596.
684
Calculate the remainder when 762138 is divided by 433.
58
What is the remainder when 7666463 is divided by 3247?
296
What is the remainder when 35087405 is divided by 36061?
52
Calculate the remainder when 5101607 is divided by 1014.
173
Calculate the remainder when 7217767 is divided by 1804424.
71
Calculate the remainder when 35737843 is divided by 2526.
2521
Calculate the remainder when 4594508 is divided by 367.
35
Calculate the remainder when 365598 is divided by 91241.
634
What is the remainder when 214174 is divided by 3196?
42
What is the remainder when 563497 is divided by 4083?
43
What is the remainder when 102198198 is divided by 7709?
7694
Calculate the remainder when 446865887 is divided by 131.
128
What is the remainder when 5345750 is divided by 461?
455
Calculate the remainder when 23514660 is divided by 2887.
45
What is the remainder when 769385 is divided by 235?
230
Calculate the remainder when 20571252 is divided by 112.
100
Calculate the remainder when 259007 is divided by 11245.
372
Calculate the remainder when 5877 is divided by 5859.
18
What is the remainder when 10348 is divided by 7570?
2778
Calculate the remainder when 1888779 is divided by 7805.
7774
Calculate the remainder when 1764328 is divided by 588108.
4
Calculate the remainder when 747613 is divided by 1265.
1263
What is the remainder when 330322136 is divided by 183?
182
What is the remainder when 17963228 is divided by 1602?
2
Calculate the remainder when 1178197 is divided by 1614.
1591
What is the remainder when 212639 is divided by 410?
259
What is the remainder when 63052 is divided by 30396?
2260
Calculate the remainder when 137859 is divided by 1278.
1113
What is the remainder when 726370 is divided by 8?
2
Calculate the remainder when 737024 is divided by 368506.
12
Calculate the remainder when 940222 is divided by 156703.
4
What is the remainder when 33454628 is divided by 1045?
1043
Calculate the remainder when 337132435 is divided by 3060.
3055
What is the remainder when 819912 is divided by 81975?
162
What is the remainder when 73549912 is divided by 101?
96
Calculate the remainder when 16229655 is divided by 1803290.
45
Calculate the remainder when 21772722 is divided by 4.
2
Calculate the remainder when 2807484 is divided by 2148.
48
Calculate the remainder when 619652 is divided by 206314.
710
Calculate the remainder when 8337924 is divided by 245233.
2
Calculate the remainder when 14808664 is divided by 3264.
3160
What is the remainder when 4891639 is divided by 818?
817
What is the remainder when 12120036 is divided by 36951?
108
Calculate the remainder when 11487742 is divided by 3271.
3261
What is the remainder when 223600 is divided by 189?
13
What is the remainder when 310940 is divided by 51792?
188
What is the remainder when 1987900 is divided by 31553?
61
Calculate the remainder when 1480008 is divided by 216.
192
What is the remainder when 2425327 is divided by 232?
231
What is the remainder when 42633 is divided by 4278?
4131
What is the remainder when 69687 is divided by 363?
354
Calculate the remainder when 1523277 is divided by 10362.
63
Calculate the remainder when 1687774 is divided by 6671.
11
What is the remainder when 477454 is divided by 42459?
10405
Calculate the remainder when 141449803 is divided by 21937.
27
What is the remainder when 136175 is divided by 19422?
221
Calculate the remainder when 88446 is divided by 43920.
606
What is the remainder when 5689047 is divided by 218809?
13
Calculate the remainder when 5333885 is divided by 32.
29
Calculate the remainder when 80274 is divided by 566.
468
Calculate the remainder when 6583488 is divided by 296.
152
What is the remainder when 108953 is divided by 80?
73
What is the remainder when 3199067 is divided by 64?
27
What is the remainder when 60556 is divided by 40?
36
Calculate the remainder when 241680 is divided by 5493.
5481
Calculate the remainder when 22323756 is divided by 1003.
988
Calculate the remainder when 140243 is divided by 365.
83
What is the remainder when 30839 is divided by 10040?
719
What is the remainder when 53553 is divided by 939?
30
What is the remainder when 16100 is divided by 1414?
546
What is the remainder when 830082 is divided by 19298?
268
Calculate the remainder when 760790 is divided by 1330.
30
What is the remainder when 1223412 is divided by 1062?
1050
Calculate the remainder when 43910 is divided by 43876.
34
What is the remainder when 218032 is divided by 27161?
744
Calculate the remainder when 43770 is divided by 14542.
144
Calculate the remainder when 2403866 is divided by 3871.
3846
What is the remainder when 124434 is divided by 123846?
588
What is the remainder when 1246310 is divided by 623153?
4
What is the remainder when 1526582 is divided by 221?
135
Calculate the remainder when 2341186 is divided by 177.
7
What is the remainder when 14355478 is divided by 3465?
3448
Calculate the remainder when 21660346 is divided by 1301.
1298
What is the remainder when 199771 is divided by 2295?
106
Calculate the remainder when 624483 is divided by 244.
87
What is the remainder when 20023 is divided by 18416?
1607
Calculate the remainder when 52619908 is divided by 509.
506
Calculate the remainder when 863170 is divided by 102.
46
Calculate the remainder when 6041959 is divided by 64967.
28
What is the remainder when 136138 is divided by 271?
96
What is the remainder when 14429 is divided by 2976?
2525
What is the remainder when 66299 is divided by 825?
299
Calculate the remainder when 3447851 is divided by 1546.
271
Calculate the remainder when 2572 is divide